{"id":847,"date":"2020-11-13T07:19:21","date_gmt":"2020-11-13T07:19:21","guid":{"rendered":"http:\/\/spy-shop.euro-soft.pl\/?page_id=847"},"modified":"2021-05-21T05:30:42","modified_gmt":"2021-05-21T05:30:42","slug":"kontakt","status":"publish","type":"page","link":"https:\/\/spy-shop.euro-soft.pl\/?page_id=847","title":{"rendered":"Kontakt"},"content":{"rendered":"\t\t<div data-elementor-type=\"wp-page\" data-elementor-id=\"847\" class=\"elementor elementor-847\">\n\t\t\t\t\t\t<section class=\"elementor-section elementor-top-section elementor-element elementor-element-c7c9544 elementor-section-boxed elementor-section-height-default elementor-section-height-default\" data-id=\"c7c9544\" data-element_type=\"section\" data-e-type=\"section\">\n\t\t\t\t\t\t<div class=\"elementor-container elementor-column-gap-default\">\n\t\t\t\t\t<div class=\"elementor-column elementor-col-100 elementor-top-column elementor-element elementor-element-63763f8\" data-id=\"63763f8\" data-element_type=\"column\" data-e-type=\"column\">\n\t\t\t<div class=\"elementor-widget-wrap elementor-element-populated\">\n\t\t\t\t\t\t<div class=\"elementor-element elementor-element-8da98a5 elementor-widget elementor-widget-text-editor\" data-id=\"8da98a5\" data-element_type=\"widget\" data-e-type=\"widget\" data-widget_type=\"text-editor.default\">\n\t\t\t\t<div class=\"elementor-widget-container\">\n\t\t\t\t\t\t\t\t\t<p style=\"text-align: center;\"><img decoding=\"async\" class=\"alignnone size-full wp-image-654\" src=\"https:\/\/spy-shop.euro-soft.pl\/wp-content\/uploads\/2020\/06\/cropped-logo-6.jpg\" alt=\"\" width=\"161\" height=\"94\" \/><\/p><p style=\"text-align: center;\">01-466 Warszawa<br \/>Powsta\u0144c\u00f3w \u015al\u0105skich 124 p.5<br \/>tel. 501-159-903, 502-161-904<br \/>e-mail euro-soft@euro-soft.pl<\/p><p><iframe style=\"border: 2;\" src=\"https:\/\/www.google.com\/maps\/embed?pb=!1m14!1m8!1m3!1d4883.859798472828!2d20.928289!3d52.262818!3m2!1i1024!2i768!4f13.1!3m3!1m2!1s0x471eca52b5e5840b%3A0xd307b769b858d533!2zUG93c3RhxYRjw7N3IMWabMSFc2tpY2ggMTI0LCAwMS00NjYgV2Fyc3phd2E!5e0!3m2!1spl!2spl!4v1513095108768\" width=\"600\" height=\"450\" frameborder=\"0\" allowfullscreen=\"allowfullscreen\"><\/iframe><\/p>\t\t\t\t\t\t\t\t<\/div>\n\t\t\t\t<\/div>\n\t\t\t\t\t<\/div>\n\t\t<\/div>\n\t\t\t\t\t<\/div>\n\t\t<\/section>\n\t\t\t\t<\/div>\n\t\t","protected":false},"excerpt":{"rendered":"<p>01-466 WarszawaPowsta\u0144c\u00f3w \u015al\u0105skich 124 p.5tel. 501-159-903, 502-161-904e-mail euro-soft@euro-soft.pl<\/p>\n","protected":false},"author":1,"featured_media":0,"parent":0,"menu_order":0,"comment_status":"closed","ping_status":"closed","template":"elementor_header_footer","meta":{"footnotes":""},"class_list":["post-847","page","type-page","status-publish","hentry"],"_links":{"self":[{"href":"https:\/\/spy-shop.euro-soft.pl\/index.php?rest_route=\/wp\/v2\/pages\/847","targetHints":{"allow":["GET"]}}],"collection":[{"href":"https:\/\/spy-shop.euro-soft.pl\/index.php?rest_route=\/wp\/v2\/pages"}],"about":[{"href":"https:\/\/spy-shop.euro-soft.pl\/index.php?rest_route=\/wp\/v2\/types\/page"}],"author":[{"embeddable":true,"href":"https:\/\/spy-shop.euro-soft.pl\/index.php?rest_route=\/wp\/v2\/users\/1"}],"replies":[{"embeddable":true,"href":"https:\/\/spy-shop.euro-soft.pl\/index.php?rest_route=%2Fwp%2Fv2%2Fcomments&post=847"}],"version-history":[{"count":38,"href":"https:\/\/spy-shop.euro-soft.pl\/index.php?rest_route=\/wp\/v2\/pages\/847\/revisions"}],"predecessor-version":[{"id":1467,"href":"https:\/\/spy-shop.euro-soft.pl\/index.php?rest_route=\/wp\/v2\/pages\/847\/revisions\/1467"}],"wp:attachment":[{"href":"https:\/\/spy-shop.euro-soft.pl\/index.php?rest_route=%2Fwp%2Fv2%2Fmedia&parent=847"}],"curies":[{"name":"wp","href":"https:\/\/api.w.org\/{rel}","templated":true}]}}